2*t - 6. Suppose -20 = -2*k - 4*j, -4*k + 5*j - 14 = 11. Suppose -2*x - a + 8 = k. What are the prime factors of x?
3
Let l(z) = -4*z + 3. Let g be l(2). Let j be (-12)/g + (-2)/5. Suppose -2*p - q + 2 = -5, 0 = 2*p - j*q - 22. List the prime factors of p.
2, 3
Suppose 5 = p - w, -w + 0 = 4*p - 5. Suppose 11 = 2*j + c, 4*c + 2 + p = 4*j. Suppose 2*k = j*k - 16. What are the prime factors of k?
2
Let u(c) = -c**3 - 2*c**2 + 4*c + 4. Let d be 4*1*3/6. Suppose d*v - 5 = -13. What are the prime factors of u(v)?
2, 5
Suppose 0*q - q = -26. Suppose 5*j = k + 142, 3*k = j + 4*k - q. List the prime factors of j.
2, 7
Let o(f) = 57*f**2 + 6*f - 7. What are the prime factors of o(1)?
2, 7
Let x(j) = j**2 + 8*j - 3. Let k be x(-11). Let a = -17 + k. What are the prime factors of a?
13
Suppose -2*k = -0*k - 3*z - 56, 5*z = 4*k - 108. What are the prime factors of k?
2, 11
Let q(w) = w**3 - 12*w**2 - 2*w - 10. Let z(p) = 1. Let i(t) = -q(t) + 6*z(t). What are the prime factors of i(12)?
2, 5
Suppose -2*f = i + 2 + 6, -i - 5*f - 17 = 0. Let y(z) = -z**3 + 3*z**2 + 3*z + 3. What are the prime factors of y(i)?
17
Let o(a) = 5*a**2 - 31*a + 4. Let n(v) = -v**2 + 6*v - 1. Let t(h) = -11*n(h) - 2*o(h). List the prime factors of t(4).
3
Let p(q) = 8*q - 6. What are the prime factors of p(7)?
2, 5
Let u = 0 - -5. Suppose 19 + u = 3*g + 3*o, -5*g = -3*o. Suppose -4*p = 3*j - j, g*j + 22 = 5*p. What are the prime factors of p?
2
Let k be 2/((-4)/3 - -1). Let q be 1 - 3 - (-1 - 0). What are the prime factors of ((-22)/(k/(-3)))/q?
11
Let a(p) = 2*p + 2. Let v be a(3). Let t = 8 + -4. Suppose t*n - v = 8. What are the prime factors of n?
2
Let g = 133 + -73. Suppose -5*w = -55 - g. List the prime factors of w.
23
Suppose -5*c + 1085 - 240 = 5*l, 4*l - 4*c - 684 = 0. What are the prime factors of l?
2, 5, 17
Let m(j) = 41*j**3 - 3*j**2 - j + 3. List the prime factors of m(1).
2, 5
Suppose 5*p - i - 100 = 0, -p + i + 13 + 3 = 0. What are the prime factors of p?
3, 7
Suppose 0 = 9*q + 8 - 359. List the prime factors of q.
3, 13
Let c be 70/8 + (-1)/(-4). Let b be (-16)/(-6)*(-15)/10. Let h = c + b. List the prime factors of h.
5
Let m = -8 - -58. List the prime factors of m.
2, 5
Suppose 0*w - 5*w = 30. Let f(l) = l**2 + 3*l - 2. Let d be f(5). What are the prime factors of (-2)/6 - d/w?
2, 3
Let s = -15 - -131. List the prime factors of s.
2, 29
Suppose 5*c + 1020 = 9*c. What are the prime factors of c?
3, 5, 17
Let v(j) be the second derivative of -j**5/20 + 5*j**4/12 + j**2 + 3*j. What are the prime factors of v(5)?
2
Let o be 2 + (-2 - 1)/(-1). Suppose -o*c + 12 = -8. What are the prime factors of c?
2
Let j(d) = -d**3 + 13*d**2 - 14*d - 14. What are the prime factors of j(11)?
2, 37
Let a = 80 - 37. List the prime factors of a.
43
Let c = -2 - -2. Let i be (-1)/((c + -2)/72). Suppose -3*n = -0*n - i. What are the prime factors of n?
2, 3
Suppose 2*c = 3*s - 44, -s - 1 = -2*c - 13. Let g = 28 - s. What are the prime factors of 14/(-4)*g/(-7)?
2, 3
Suppose 34 = 4*c - 4*m + 2*m, 5*m + 49 = 4*c. Let f be 2*(-1 - 2)/c. List the prime factors of 11 + -2 + 3 + f.
11
Let t be (7 - 5)*(-1 - -2). Let l = t - -5. List the prime factors of l.
7
Let y be 2/(-4) + 15/6. Let o = -11 - -22. What are the prime factors of o + y/(-2 - 0)?
2, 5
Let w(a) be the second derivative of -a**5/20 - 5*a**4/12 + 7*a**3/6 + 3*a**2/2 + a. Let b be w(-6). List the prime factors of 5 + (b - -2) + -1.
3
What are the prime factors of (141/4)/(-7 + (-230)/(-32))?
2, 47
Let f(z) = 3*z**2 - 2*z + 1. Let c be f(1). Let w = c + 0. List the prime factors of w.
2
Suppose 2*m - 5*m = n - 19, 4*n = -4*m + 36. Suppose 2*g = 3*h - 15, -5*h + 4*h + 5 = m*g. What are the prime factors of h?
5
Let b be 2 + 2 + (0 - 2). Suppose 3*t + b*t = 15. Suppose -5*r + 50 = -5*q, t*r + 4*q - 23 = -0. List the prime factors of r.
3
Let u = 15 - 6. What are the prime factors of -1 + 3/(u/21)?
2, 3
Let b = 11 - -10. List the prime factors of b.
3, 7
Let d(a) = 4*a**2. Let z be d(1). Suppose -2*f = -z*f + 30. Suppose -5*g + 5 = -f. What are the prime factors of g?
2
Let r = 53 + -11. List the prime factors of r.
2, 3, 7
Let l(i) be the third derivative of -i**4/6 + i**3/3 - 34*i**2. Let a(k) = -k**2 - 4*k - 4. Let p be a(-4). List the prime factors of l(p).
2, 3
Suppose 3*p = 15 + 15. What are the prime factors of (-9)/15 + 306/p?
2, 3, 5
Let m(u) be the second derivative of u**3/3 - 3*u**2/2 + 2*u. Let z be m(3). Suppose -3*j + z*y + 56 = 17, -63 = -5*j + 3*y. List the prime factors of j.
2, 3
Suppose -o - n + 123 = 0, 5 = -3*n - 4. What are the prime factors of o?
2, 3, 7
Suppose 7*n + 167 = 8*n. List the prime factors of n.
167
Suppose 5*t - 4 = u - 0, -t + 2 = 0. Suppose y + 2*y + 12 = 0. Let o = u + y. What are the prime factors of o?
2
Suppose -3*b + 8 = 2*z - 11, -2*b = 2*z - 14. Suppose 2*r - b*a + 10 = 0, -3*a + 10 = -r + 2*a. Suppose t + 4 - 13 = r. List the prime factors of t.
3
Suppose i - 78 = 4*i. Let b = -16 - i. List the prime factors of b.
2, 5
Suppose 0 = -4*d - d - 80. Let b be -2*(-1 + 12/8). Let r = b - d. List the prime factors of r.
3, 5
Suppose -12 = b - 89. Suppose 3*j - 66 = -3*s, 4*s = -j - 4 + b. List the prime factors of s.
17
Let b(x) = x**2 - 4*x - 8. Let d be b(6). Suppose -d*f = -28 + 8. What are the prime factors of f?
5
Let w(n) = 3*n**2 + 2*n + 1. Let l be w(3). Suppose 0 = j + j - l. List the prime factors of j.
17
Let x = 52 - 19. List the prime factors of x.
3, 11
Let c(q) = -q**3 - 6*q**2 - 7*q - 3. Let a be c(-5). Let l = a - 2. What are the prime factors of l?
5
Let j be (11 + -8)*(-1 - -2). Suppose j*d - 10 - 101 = 0. List the prime factors of d.
37
Let k = 58 + 17. Suppose -k + 5 = -5*f. List the prime factors of f.
2, 7
Let y(x) = -x + 4. Suppose 0*p = -2*p + 6. Let m be y(p). List the prime factors of 2 + 0 - (-5)/m.
7
Let f(j) = j**3 - j**2 - 14*j + 20. What are the prime factors of f(7)?
2, 3
Let m(x) = x**3 - 12*x**2 + 10*x + 11. Let z be m(11). Suppose j = 14 - z. List the prime factors of j.
2, 7
Let j = 23 + 26. What are the prime factors of (-3)/12 + j/4?
2, 3
Let g be (-411 - -1)*14/(-35). What are the prime factors of ((-2)/(-4))/(2/g)?
41
Suppose 3*p - 7*p + 44 = 0. Let u(c) = -c**3 + 11*c**2 + 2*c - 7. List the prime factors of u(p).
3, 5
Suppose -3*p + 34 = 5*o, 5*p = p - 2*o + 36. Let a(z) = 4*z + 6. Let k be a(p). Suppose k = 2*l - 10. What are the prime factors of l?
2, 3
Suppose 0 = 8*o - 5*o - 30. Let w = 12 - o. List the prime factors of w.
2
Let d = 5 + -11. Let f = -4 - d. Suppose -f*s - 3 + 27 = 0. List the prime factors of s.
2, 3
Let p = -1 + 1. Suppose p = 5*z - 4 - 36. List the prime factors of z/28 - (-40)/7.
2, 3
What are the prime factors of 595/187 + 2/(-11)?
3
Suppose -4*q + 2 = 5*j, -q - 4*j = j + 7. Suppose 0*b - 63 = -q*b. List the prime factors of b.
3, 7
Let o = 537 + -195. List the prime factors of o.
2, 3, 19
List the prime factors of (4*(-7)/42)/((-2)/723).
241
Let f(n) = n**3 - 5*n**2 + n - 3. Let j be f(5). Let h(b) = -6*b + 3. Let c be h(j). Let o = c + 15. List the prime factors of o.
2, 3
Let o(w) = -w - 1. Let f be o(7). Let s(z) = -2*z + 6. Let c be s(6). What are the prime factors of c/f*(-5 + 9)?
3
Let k(w) = w. Let x be k(6). Let h(n) = -n**3 + 5*n**2 + 8*n - 8. Let p be h(x). Suppose p*t + 4*r + 0*r = 20, -t + 3*r = -17. What are the prime factors of t?
2
Let j(i) = -4*i - 2 + 12*i - 6. List the prime factors of j(4).
2, 3
Let j be (488/32)/(1/(-4)). Let n = -31 - j. What are the prime factors of n?
2, 3, 5
Let n(z) = -z**2 + 12*z - 5. Let t(d) = -3*d - 4. Let o be t(-5). What are the prime factors of n(o)?
2, 3
Let h = 22 + -71. Let k = h - -85. What are the prime factors of (-8)/k + 74/9?
2
Suppose 0 = n + 2*n - 9. Suppose -2*f = 2*o - 1 - 5, n*f + o + 1 = 0. Let g = f - -6. List the prime factors of g.
2
Suppose s + 8 = 3*s. Suppose 0 = -y + 6*y - 4*d - 49, -s*y = d - 56. Suppose -4*h = -5*k - 44, 0 = 2*h - 2*k - y - 7. List the prime factors of h.
2, 3
Let l(t) = -t**2 + 3. Let o be l(0). Let k(s) = 8*s**3 + 2*s**2. Let h be k(2). Suppose 0 = 6*c - o*c - h. List the prime factors of c.
2, 3
Let u(r) = -3*r**3 + r**2. Let x be u(-1). Let i = x - 0. What are the prime factors of i?
2
Let f be -1 - (3 - 7) - -1. Let o(y) = 1 - f*y